{"id":32,"date":"2018-08-01T13:41:07","date_gmt":"2018-08-01T11:41:07","guid":{"rendered":"http:\/\/jykrois.net\/?page_id=32"},"modified":"2021-09-05T18:22:23","modified_gmt":"2021-09-05T17:22:23","slug":"pour-qui","status":"publish","type":"page","link":"https:\/\/jykrois.net\/?page_id=32","title":{"rendered":"Pour qui?"},"content":{"rendered":"\n<p>Pour tout le monde&nbsp;! <strong>Y compris vous<\/strong>.<\/p>\n\n\n\n<p>Chacun d\u2019entre nous peut se mettre en \u00e9tat d\u2019hypnose seul ou accompagn\u00e9 et cet \u00e9tat est exp\u00e9riment\u00e9 tr\u00e8s r\u00e9guli\u00e8rement durant la journ\u00e9e.<br>C\u2019est une mani\u00e8re pour l\u2019organisme de se ressourcer (quand vous regardez par la fen\u00eatre par exemple sans faire attention \u00e0 ce que vous voyez).<\/p>\n\n\n\n<p><\/p>\n\n\n\n<p>J&rsquo;accompagne autant les <strong>enfants <\/strong>que les <strong>adolescents <\/strong>ou les <strong>adultes <\/strong>dans la recherche de <strong>solutions<\/strong>.<\/p>\n\n\n\n<p><\/p>\n\n\n\n<p>De par ma formation de musicienne professionnelle je suis particuli\u00e8rement proche des <strong>musiciens <\/strong>et des <strong>artistes <\/strong>sujets au trac, au stress des examens, de la performance et je leur am\u00e8ne des outils pr\u00e9cieux pour leur pratique mais aussi pour la vie de tous les jours.<\/p>\n\n\n\n<p>Pour les <strong>enfants<\/strong>, avec leur cr\u00e9ativit\u00e9 et leur imagination, l&rsquo;hypnose leur permettra de d\u00e9passer leurs blocages ou leurs peurs tout en acqu\u00e9rant des outils utiles pour toute leur vie.   <\/p>\n\n\n\n<p><\/p>\n\n\n\n<p>Nous avons tous une quantit\u00e9 extraordinaire de connaissances, de ressources et de possibilit\u00e9s, mais nous avons parfois simplement oubli\u00e9 l\u2019endroit o\u00f9 elles sont rang\u00e9es. L\u2019hypnose permet de les red\u00e9couvrir et de les stimuler afin de les rendre accessibles au quotidien.<\/p>\n","protected":false},"excerpt":{"rendered":"<p>Pour tout le monde&nbsp;! Y compris vous. Chacun d\u2019entre nous peut se mettre en \u00e9tat d\u2019hypnose seul ou accompagn\u00e9 et cet \u00e9tat est exp\u00e9riment\u00e9 tr\u00e8s r\u00e9guli\u00e8rement durant la journ\u00e9e.C\u2019est une mani\u00e8re pour l\u2019organisme de se ressourcer (quand vous regardez par <a class=\"more-link\" href=\"https:\/\/jykrois.net\/?page_id=32\">Lire plus &#8230;<\/a><\/p>\n","protected":false},"author":2,"featured_media":0,"parent":0,"menu_order":0,"comment_status":"closed","ping_status":"closed","template":"","meta":{"footnotes":""},"_links":{"self":[{"href":"https:\/\/jykrois.net\/index.php?rest_route=\/wp\/v2\/pages\/32"}],"collection":[{"href":"https:\/\/jykrois.net\/index.php?rest_route=\/wp\/v2\/pages"}],"about":[{"href":"https:\/\/jykrois.net\/index.php?rest_route=\/wp\/v2\/types\/page"}],"author":[{"embeddable":true,"href":"https:\/\/jykrois.net\/index.php?rest_route=\/wp\/v2\/users\/2"}],"replies":[{"embeddable":true,"href":"https:\/\/jykrois.net\/index.php?rest_route=%2Fwp%2Fv2%2Fcomments&post=32"}],"version-history":[{"count":12,"href":"https:\/\/jykrois.net\/index.php?rest_route=\/wp\/v2\/pages\/32\/revisions"}],"predecessor-version":[{"id":199,"href":"https:\/\/jykrois.net\/index.php?rest_route=\/wp\/v2\/pages\/32\/revisions\/199"}],"wp:attachment":[{"href":"https:\/\/jykrois.net\/index.php?rest_route=%2Fwp%2Fv2%2Fmedia&parent=32"}],"curies":[{"name":"wp","href":"https:\/\/api.w.org\/{rel}","templated":true}]}}