{"id":34,"date":"2018-08-01T13:41:07","date_gmt":"2018-08-01T11:41:07","guid":{"rendered":"http:\/\/jykrois.net\/?page_id=34"},"modified":"2022-07-21T22:36:13","modified_gmt":"2022-07-21T21:36:13","slug":"contact","status":"publish","type":"page","link":"https:\/\/jykrois.net\/?page_id=34","title":{"rendered":"Contact"},"content":{"rendered":"\n<p><br>N&rsquo;h\u00e9sitez pas \u00e0 me contacter, je vous r\u00e9pondrai sous 48h<br><\/p>\n\n\n\n<p>hypnose (arobase) jykrois.net<\/p>\n\n\n\n<p><\/p>\n","protected":false},"excerpt":{"rendered":"<p>N&rsquo;h\u00e9sitez pas \u00e0 me contacter, je vous r\u00e9pondrai sous 48h hypnose (arobase) jykrois.net<\/p>\n","protected":false},"author":2,"featured_media":0,"parent":0,"menu_order":0,"comment_status":"closed","ping_status":"closed","template":"","meta":{"footnotes":""},"_links":{"self":[{"href":"https:\/\/jykrois.net\/index.php?rest_route=\/wp\/v2\/pages\/34"}],"collection":[{"href":"https:\/\/jykrois.net\/index.php?rest_route=\/wp\/v2\/pages"}],"about":[{"href":"https:\/\/jykrois.net\/index.php?rest_route=\/wp\/v2\/types\/page"}],"author":[{"embeddable":true,"href":"https:\/\/jykrois.net\/index.php?rest_route=\/wp\/v2\/users\/2"}],"replies":[{"embeddable":true,"href":"https:\/\/jykrois.net\/index.php?rest_route=%2Fwp%2Fv2%2Fcomments&post=34"}],"version-history":[{"count":6,"href":"https:\/\/jykrois.net\/index.php?rest_route=\/wp\/v2\/pages\/34\/revisions"}],"predecessor-version":[{"id":205,"href":"https:\/\/jykrois.net\/index.php?rest_route=\/wp\/v2\/pages\/34\/revisions\/205"}],"wp:attachment":[{"href":"https:\/\/jykrois.net\/index.php?rest_route=%2Fwp%2Fv2%2Fmedia&parent=34"}],"curies":[{"name":"wp","href":"https:\/\/api.w.org\/{rel}","templated":true}]}}